+ 3*n. Let d be (-18)/((-1)/1) - 2. Suppose 2*i = -4*h + 6*i - d, 3*i + 8 = -h. Calculate b(h).
-5
Let a(n) = n - 8*n**2 + 7*n**2 + 2 + 1 + 0*n. Let w(q) = q. Let i be w(0). Give a(i).
3
Let d be (-6)/(-12)*(2 - 2 - 2). Let x(r) be the first derivative of -r**2 - 1. Determine x(d).
2
Let t(c) = 7*c**2 + c + 1. Let q be (-1 + 1/(-3))*6. Let v = -5 + 12. Let a = q + v. Determine t(a).
7
Suppose s - 3 = -4*q, 0 = -3*s + 5*s - 6. Suppose q = 4*n + 4*u - 12, 2*u - 3 = u. Suppose n = 4*x - 0*x + 12. Let a(d) = -d**2 - 2*d. Give a(x).
-3
Let i(n) = -17*n**3 - n**2 + n - 1. Let t(w) = w**3 + 2*w**2 - w - 1. Let p be t(-1). Determine i(p).
-18
Let y be 4/(-12 - -4)*0. Let m(o) be the second derivative of y - o**2 - 1/3*o**3 - o. Determine m(2).
-6
Let n be (12/(-15))/((-2)/(-5)). Let y(l) = -4*l - 2. Give y(n).
6
Let h(g) = 2*g**2 - 3*g + 2. Let j be h(2). Let y(u) be the second derivative of -u**3/3 - 2*u**2 + 4*u. Calculate y(j).
-12
Let t(s) = s**2 + 4*s + 3. Suppose 3*q = 6*q. Suppose 5*i + 4*o + 0 = -3, -3*i - 4*o + 3 = q. Give t(i).
0
Let p(n) = -5*n - 1. Let r be p(-1). Let y(j) be the second derivative of 7/2*j**2 + 2*j + j**3 + 1/12*j**r + 0. What is y(-5)?
2
Let z(a) = 1 + 7*a**2 + 6*a**2 - 24*a**2 - a. Give z(1).
-11
Suppose 5*y = -2*h + 21 - 7, -h - 4 = -3*y. Let i(a) be the second derivative of -a**3/2 + a. What is i(h)?
-6
Suppose 23*o - 151 = -13. Let g(c) be the first derivative of -c**4/4 + 5*c**3/3 + 3*c**2 + 2*c - 1. Give g(o).
2
Suppose 0 = s - 3*s + o + 22, 0 = -4*s - o + 32. Suppose -3 = -3*d + s. Let q(j) = -2*j**2 + 5*j + 1. Give q(d).
-11
Let z(b) = -4 - 4*b**2 + 4*b + 0*b**2 + 5 + 5*b**2. Let s be -2 + (-1)/(2/4). Determine z(s).
1
Let t(l) be the second derivative of l**5/60 - l**4/24 - l**3/2 - l. Let c(p) be the second derivative of t(p). Give c(-3).
-7
Let n be 33/6 - (-2)/(-4). Let v(f) = 3 + n*f - 1 - 2*f**2 + 1 + 1. Calculate v(4).
-8
Let l be (6 + -3)/(1/2). Let f(j) = 2*j - 9. Calculate f(l).
3
Let k be -1 - -1 - ((5 - 9) + 4). Let y(h) = -2*h - 2. Let a be y(-2). Suppose k*f + a*f = 3*l + 2, -4 = -3*f + 4*l. Let g(p) = 3*p - 4. Determine g(f).
8
Let c(p) = p**3 - 3*p**2 - 4. Suppose -x + d = -1, 6*d - 2 = 2*x + 3*d. Let h be (24/20)/(2/x). Give c(h).
-4
Suppose -2*x = 3 + 5. Let g(c) = -3*c - 3. Let u(d) = d + 1. Let j(o) = 4*g(o) + 14*u(o). Determine j(x).
-6
Let s(h) be the third derivative of -h**6/120 - h**5/12 - h**4/12 - 7*h**3/6 + 9*h**2. Determine s(-5).
3
Let b(j) = -j**2 - 5*j - 6. Let q be b(-5). Let y(l) = 6 - 14 + 0*l - l. Give y(q).
-2
Let l be (-9)/((-9)/3)*1. Let z(p) = 4*p + 0*p - p. Give z(l).
9
Let h = 1/42 - -5/84. Let m(s) be the second derivative of s - s**3 + h*s**4 + 0 + 5/2*s**2. Calculate m(5).
0
Let k(o) = -11 - 2*o**2 + o**2 + 4. Give k(0).
-7
Suppose -3*g + 3 = -12. Let q(n) be the third derivative of n**7/5040 - n**6/180 + n**5/15 - 4*n**2. Let k(z) be the third derivative of q(z). Give k(g).
1
Let u be (-1 - 1) + 6/(-3). Let q(g) = -2*g**2 + 9*g + 5. Let k(z) = -3*z**2 + 17*z + 9. Let w(y) = -3*k(y) + 5*q(y). Give w(u).
6
Let w(f) = 0 - 6*f + 2*f**2 - f**2 + 0*f**2 - 6. What is w(6)?
-6
Let n(s) = 5*s**2 - 8*s + 6. Let x(o) = -11*o**2 + 17*o - 12. Let t(b) = -9*n(b) - 4*x(b). Let h = 2 + 4. Suppose 3*i - h = 6, -8 = -4*a + 2*i. Determine t(a).
-6
Let t(y) = y + 1. Let o(j) = -j - 1. Let z(v) = -6*o(v) - 7*t(v). What is z(5)?
-6
Let l(z) = -z**3 - 7*z**2 - 6*z + 3. Let m(g) = 2*g**3 + 8*g**2 + 7*g - 3. Let a(d) = -3*l(d) - 2*m(d). Determine a(5).
17
Let t(y) be the third derivative of -y**5/60 + y**4/12 + y**3/2 - 47*y**2. What is t(3)?
0
Let c be 1/3 + 10/6. Let d = c + -1. Let i(a) = 10*a. Let m(q) = -5*q. Let j(n) = -2*i(n) - 5*m(n). What is j(d)?
5
Let q(i) = i**3 + 3*i**2 - 3*i + 4. Let z be (-6)/8 + (-7)/28. Let r = -5 - z. Calculate q(r).
0
Let f(b) = -b + 10. Let d(c) = 5*c - 41. Let h(l) = 2*d(l) + 9*f(l). Give h(-6).
2
Suppose -35 = 2*s + 3*s. Let f(d) = -d + 4. Let r be f(s). Let z = -8 + r. Let l(x) = -4*x + 3. Determine l(z).
-9
Let y be ((-10)/4)/((-33)/(-22)) + 2. Let u(j) be the first derivative of -2 - 3*j**2 - 7*j - y*j**3. Give u(-5).
-2
Suppose 6*y - y = 0. Let p = -1 + y. Let r(n) = n**3 + 5*n**3 - 5*n**3 - 5*n**3 - 1. Calculate r(p).
3
Suppose -5*y = -i + 4, -5*i + i + 4*y = -16. Let h(w) = -w**2 + w + 2. Calculate h(i).
-10
Let l(f) be the second derivative of 4*f**3/3 - 15*f. What is l(2)?
16
Let n(c) = -4 + 27*c + 11*c - 36*c. Calculate n(4).
4
Let j = 8 + -8. Let b be (5/(-5))/(j - 1). Let a(l) = -9*l**3 - l**2 - l + 1. What is a(b)?
-10
Suppose -2*h - 2*h - 4 = 0. Let i(a) = -4*a**2 + 4. Let s(k) = -k**2 + 1. Let p(x) = i(x) - 3*s(x). Calculate p(h).
0
Let c(x) = -4*x**3 - x**2 + x + 1. Let q be c(-1). Suppose -k - 50 = -q*k. Suppose 4*t = -l + 20, 4*l + 6*t = t + k. Let u(y) = y + 2. Give u(l).
2
Let j(x) = -3*x. Let b(u) = 5*u**2 + u. Let i be b(1). Suppose p = i*p. Let t be -1 - (-2 - p/3). What is j(t)?
-3
Let d be (-4)/(-6)*3 + -5. Let o(z) be the third derivative of -z**4/24 - z**2. Calculate o(d).
3
Let h(b) = 17*b**2 - 5*b - 12. Let g(u) = -u**2 + 1. Let q(f) = -6*g(f) - h(f). Let d(j) = 22*j**2 - 9*j - 11. Let y(w) = -6*d(w) - 11*q(w). Determine y(1).
-12
Let r(i) = i**3 + 6*i**2 - 6*i + 9. Let m be r(-7). Let q(z) = 0*z - 3*z - m*z + z**2 + z. Let s = -3 + 8. Give q(s).
5
Let v = 25 + -22. Suppose 12 = v*y - f, f = -4*y - 2*f + 3. Let s(n) be the third derivative of -n**6/120 + n**5/15 + n**3/6 - n**2. Calculate s(y).
10
Suppose t - 9 + 1 = 0. Let k(g) = -g - t + 12 + 0. Determine k(4).
0
Let a = 14 + -8. Let n(y) = -a*y + 3*y + 2*y. Give n(5).
-5
Let l(x) be the third derivative of x**5/60 - 7*x**4/24 + 7*x**3/6 + 40*x**2. Calculate l(6).
1
Let g(d) = -d**3 + 6*d**2 + 4. Suppose 0 = 4*p + 4*t - 4 - 0, -2*t = 3*p - 8. Determine g(p).
4
Suppose -6*q + 2*q - 20 = 0, 0 = 3*y - 5*q - 31. Let x(i) = 2*i**2 - 3*i + 1. Determine x(y).
3
Let j(y) be the second derivative of -y**4/12 + y**3/2 - y**2/2 + 4*y. Let g(w) = -w**3 - w**2 + w + 1. Let q be g(0). Let m be -1*(1 - 2)/q. Calculate j(m).
1
Let k(b) be the third derivative of b**5/60 - b**4/24 - 3*b**3/2 - 8*b**2. Calculate k(0).
-9
Let c(d) = -2*d - 5*d + 6*d + 4. What is c(4)?
0
Let d(r) = -r + 4. Let c(z) = 2*z**2 - 5*z + 2. Let p be c(3). Suppose -p*b + 2*g + 8 = 0, -b - 3*g + 6*g = -12. Give d(b).
4
Let k(v) = -6*v**3 - 6*v**2 + 3*v + 3. Let h(u) = u**3 + u**2 - u - 1. Let a(c) = -5*h(c) - k(c). Let m be 4/20 + (-24)/(-5). Let z be (6/10 + -1)*m. Give a(z).
-6
Let k(o) = 11*o**2 + 2*o - 1. Let d be k(1). Suppose 5*m = 2*a - 18, 0 = -5*m - 5*a - 2 + d. Let i(n) = -6 + 3 + 2*n + 2. What is i(m)?
-5
Let p = 65 + -69. Let m(g) = g**2 + 4*g. Give m(p).
0
Let i = 112 + -116. Let o(j) = -j**2 - 3*j. Give o(i).
-4
Let i(t) = -3*t + 6. Suppose -3*j + 9 = 5*g + 27, -18 = 3*j - 2*g. What is i(j)?
24
Let l(d) = 19*d**3 - 9*d**3 + 7 - 6. Determine l(1).
11
Let m(p) = p - 1. Let f(l) = 4*l - 3. Let i(a) = f(a) - 5*m(a). Suppose 4*d + 10 = b - 3, -4*b + 22 = -d. What is i(b)?
-3
Suppose 2*p + 0*p = -6. Let c(z) = -5 + 3*z + 2*z**2 + 0*z**2 + 2. Give c(p).
6
Let q(h) = h - 1 + 2 + 0*h. Let z = -46 - -41. Give q(z).
-4
Let y(n) = -5*n**3 + n**2 - n. Let d be y(1). Let m(p) = -p - 5. Calculate m(d).
0
Let m = 9 - 6. Let u = -1 - m. Let f be (-3 - (u + 3)) + 5. Let a(k) = -k**2 + k. What is a(f)?
-6
Let a be (3/12)/((-5)/(-40)). Let j(q) = -q**3 + q**2 - 2*q**2 + 5 - 4 - 3*q**a. Determine j(-3).
-8
Suppose -41 = 6*q - 5. Let g(h) = -4*h. Determine g(q).
24
Let t(g) = -g**3 + 3*g**2 + 4*g - 6. Let k be 2*(0 + (-3)/(-2)). Suppose -k = -h + 1. Give t(h).
-6
Let i(d) = -2 - 6*d + 5 - 2. Suppose 0 = -18*f + 21*f + 3. Give i(f).
7
Let w(r) = r**3 + 4*r**2 - r + 1. Let b(h) = 4*h**3. Let s be b(-1). Determine w(s).
5
Let w(d) = -d + 4. Let y be (-2)/(-8) + (-46)/(-8). Let r = 2 - y. What is w(r)?
8
Let x(l) = -l**3 - 5*l**2 - 6*l - 4. Let t(o) = o**2 + 6*o - 1. Suppose -3*k - 28 = k. Let z be t(k). Suppose 5*m + 18 = -2*w, m + 1 = -z*w + 3*w. Give x(m).
4
Suppose -4*w = -4 - 0. Let x be (-536)/(-18) + 10/45. Let f(c) = -c**2 + 6*c**3 + x*c - 29*c - c**3. Give f(w).
5
Let d(v) = 7*v**2 + v**3 - 11*v + 7*v + 3*v - 4. Let i be (-4)/(-4)*(-3 + -4). Calculate d(i).
3
Let w(t) be the third derivative of -t**6/120 - 7*t**5/60 -